{"id":5903,"date":"2018-09-14T11:08:13","date_gmt":"2018-09-14T18:08:13","guid":{"rendered":"https:\/\/www.ismrm.org\/smrt\/?page_id=5903"},"modified":"2021-08-06T16:45:00","modified_gmt":"2021-08-06T23:45:00","slug":"program-exhibition","status":"publish","type":"page","link":"https:\/\/www.ismrm.org\/smrt\/19m\/program-exhibition\/","title":{"rendered":"2019 Annual Meeting Program &#038; Exhibition"},"content":{"rendered":"<div class=\"fusion-fullwidth fullwidth-box fusion-builder-row-1 hundred-percent-fullwidth non-hundred-percent-height-scrolling\" style=\"--awb-border-radius-top-left:0px;--awb-border-radius-top-right:0px;--awb-border-radius-bottom-right:0px;--awb-border-radius-bottom-left:0px;--awb-overflow:visible;--awb-flex-wrap:wrap;\" ><div class=\"fusion-builder-row fusion-row\"><div class=\"fusion-layout-column fusion_builder_column fusion-builder-column-0 fusion_builder_column_1_1 1_1 fusion-one-full fusion-column-first fusion-column-last fusion-column-no-min-height\" style=\"--awb-bg-size:cover;--awb-margin-bottom:0px;\"><div class=\"fusion-column-wrapper fusion-flex-column-wrapper-legacy\"><link rel=\"stylesheet\" type=\"text\/css\" href=\"https:\/\/www.ismrm.org\/smrt\/19\/19m_style_tabs.css\"><div class=\"fusion-clearfix\"><\/div><\/div><\/div><\/div><\/div><div class=\"fusion-fullwidth fullwidth-box fusion-builder-row-2 nonhundred-percent-fullwidth non-hundred-percent-height-scrolling fusion-equal-height-columns\" style=\"--awb-background-position:left top;--awb-border-radius-top-left:0px;--awb-border-radius-top-right:0px;--awb-border-radius-bottom-right:0px;--awb-border-radius-bottom-left:0px;--awb-padding-top:0px;--awb-padding-right:0px;--awb-padding-bottom:10px;--awb-padding-left:0px;--awb-border-sizes-top:0px;--awb-border-sizes-bottom:0px;--awb-flex-wrap:wrap;\" ><div class=\"fusion-builder-row fusion-row\"><div class=\"fusion-layout-column fusion_builder_column fusion-builder-column-1 fusion_builder_column_1_1 1_1 fusion-one-full fusion-column-first fusion-column-last fusion-column-no-min-height\" style=\"--awb-bg-size:cover;--awb-margin-bottom:0px;\"><div class=\"fusion-column-wrapper fusion-flex-column-wrapper-legacy\"><div class=\"fusion-text fusion-text-1\"><p style=\"text-align: center; font-size: 10pt; margin: 0px;\"><em>SMRT 28th Annual Meeting, Palais des congr\u00e8s de Montr\u00e9al, 10-13 May 2019, Montr\u00e9al, QC, Canada<\/em><\/p>\n<\/div><div class=\"fusion-image-element fusion-image-align-center in-legacy-container\" style=\"text-align:center;--awb-caption-title-font-family:var(--h2_typography-font-family);--awb-caption-title-font-weight:var(--h2_typography-font-weight);--awb-caption-title-font-style:var(--h2_typography-font-style);--awb-caption-title-size:var(--h2_typography-font-size);--awb-caption-title-transform:var(--h2_typography-text-transform);--awb-caption-title-line-height:var(--h2_typography-line-height);--awb-caption-title-letter-spacing:var(--h2_typography-letter-spacing);\"><div class=\"imageframe-align-center\"><span class=\" fusion-imageframe imageframe-none imageframe-1 hover-type-none\"><a class=\"fusion-no-lightbox\" href=\"https:\/\/www.ismrm.org\/smrt\/19m\/\" target=\"_self\" aria-label=\"SMRT-AM-thanks-slider\"><img decoding=\"async\" width=\"1170\" height=\"292\" src=\"https:\/\/www.ismrm.org\/smrt\/wp-content\/uploads\/SMRT-AM-thanks-slider.jpg\" alt class=\"img-responsive wp-image-6773\" srcset=\"https:\/\/www.ismrm.org\/smrt\/wp-content\/uploads\/SMRT-AM-thanks-slider-200x50.jpg 200w, https:\/\/www.ismrm.org\/smrt\/wp-content\/uploads\/SMRT-AM-thanks-slider-400x100.jpg 400w, https:\/\/www.ismrm.org\/smrt\/wp-content\/uploads\/SMRT-AM-thanks-slider-600x150.jpg 600w, https:\/\/www.ismrm.org\/smrt\/wp-content\/uploads\/SMRT-AM-thanks-slider-800x200.jpg 800w, https:\/\/www.ismrm.org\/smrt\/wp-content\/uploads\/SMRT-AM-thanks-slider.jpg 1170w\" sizes=\"(max-width: 800px) 100vw, 1170px\" \/><\/a><\/span><\/div><\/div><div class=\"fusion-sep-clear\"><\/div><div class=\"fusion-separator fusion-full-width-sep\" style=\"margin-left: auto;margin-right: auto;margin-top:1px;margin-bottom:10px;width:100%;\"><\/div><div class=\"fusion-sep-clear\"><\/div><div class=\"fusion-text fusion-text-2\"><table style=\"border-collapse: separate; border-spacing: 5px;\" width=\"100%\">\n<tbody>\n<tr>\n<td class=\"taboff\" width=\"16%\"><a href=\"https:\/\/www.ismrm.org\/smrt\/19m\/\">General Info<\/a><\/td>\n<td class=\"taboff\" width=\"16%\"><a href=\"https:\/\/www.ismrm.org\/smrt\/19m\/registration-housing\/\">Registration\n&amp; Housing<\/a><\/td>\n<td class=\"tabon\" width=\"16%\"><a href=\"https:\/\/www.ismrm.org\/smrt\/19m\/program-exhibition\/\">Program\n&amp; Exhibition<\/a><\/td>\n<td class=\"taboff\" width=\"16%\"><a href=\"https:\/\/www.ismrm.org\/smrt\/19m\/call\/\">Call for Abstracts<\/a><\/td>\n<td class=\"taboff\" width=\"16%\"><a href=\"https:\/\/www.ismrm.org\/smrt\/19m\/travel\/\">Travel\n&amp; Sightseeing<\/a><\/td>\n<td class=\"taboff\" width=\"16%\"><a href=\"https:\/\/www.ismrm.org\/smrt\/19m\/supporters\/\">Supporters<\/a><\/td>\n<\/tr>\n<\/tbody>\n<\/table>\n<\/div><div class=\"fusion-clearfix\"><\/div><\/div><\/div><\/div><\/div><div class=\"fusion-fullwidth fullwidth-box fusion-builder-row-3 nonhundred-percent-fullwidth non-hundred-percent-height-scrolling fusion-equal-height-columns AM-fullwidth_equal_height\" style=\"--awb-background-position:left top;--awb-border-radius-top-left:0px;--awb-border-radius-top-right:0px;--awb-border-radius-bottom-right:0px;--awb-border-radius-bottom-left:0px;--awb-padding-top:0px;--awb-padding-right:0px;--awb-padding-left:0px;--awb-border-sizes-top:0px;--awb-border-sizes-bottom:0px;--awb-flex-wrap:wrap;\" ><div class=\"fusion-builder-row fusion-row\"><div class=\"fusion-layout-column fusion_builder_column fusion-builder-column-2 fusion_builder_column_1_3 1_3 fusion-one-third fusion-column-first AM-three-columns_equal_height round-corners\" style=\"--awb-bg-size:cover;--awb-margin-bottom:0px;width:30.6666%; margin-right: 4%;\"><div class=\"fusion-column-wrapper fusion-flex-column-wrapper-legacy\"><div class=\"fusion-text fusion-text-3\"><p><span style=\"font-size: 140%;\"><strong>Program Information<\/strong><\/span><\/p>\n<\/div><div class=\"fusion-sep-clear\"><\/div><div class=\"fusion-separator fusion-has-icon fusion-full-width-sep faderstyle\" style=\"margin-left: auto;margin-right: auto;width:100%;\"><div class=\"fusion-separator-border sep-single sep-solid\" style=\"--awb-height:20px;--awb-amount:20px;border-color:#e0dede;border-top-width:0px;\"><\/div><span class=\"icon-wrapper\" style=\"border-color:#e0dede;background-color:rgba(255,255,255,0);font-size:16px;width: 1.75em; height: 1.75em;border-width:0px;padding:0px;margin-top:-0px\"><i class=\" fa fa-table\" style=\"font-size: inherit;color:#e0dede;\" aria-hidden=\"true\"><\/i><\/span><div class=\"fusion-separator-border sep-single sep-solid\" style=\"--awb-height:20px;--awb-amount:20px;border-color:#e0dede;border-top-width:0px;\"><\/div><\/div><div class=\"fusion-sep-clear\"><\/div><div class=\"fusion-text fusion-text-4\"><p><a href=\"https:\/\/www.ismrm.org\/smrt\/19\/program.htm\" target=\"_blank\" rel=\"noopener noreferrer\">Program<\/a> <i class=\"fa fa-external-link\"><\/i><\/p>\n<p><a href=\"https:\/\/www.ismrm.org\/smrt\/19m\/call\/guidelines\/\">Guidelines for Poster Presenters<\/a>\n<em>\u00a0 \u00a0\u2022 <\/em>Traditional &amp; E-Posters<\/p>\n<\/div><div class=\"fusion-clearfix\"><\/div><\/div><\/div><div class=\"fusion-layout-column fusion_builder_column fusion-builder-column-3 fusion_builder_column_1_3 1_3 fusion-one-third AM-three-columns_equal_height round-corners\" style=\"--awb-bg-size:cover;--awb-margin-bottom:0px;width:30.6666%; margin-right: 4%;\"><div class=\"fusion-column-wrapper fusion-flex-column-wrapper-legacy\"><div class=\"fusion-text fusion-text-5\"><p><span style=\"font-size: 140%;\"><strong>Exhibition<\/strong><\/span><\/p>\n<\/div><div class=\"fusion-sep-clear\"><\/div><div class=\"fusion-separator fusion-has-icon fusion-full-width-sep faderstyle\" style=\"margin-left: auto;margin-right: auto;margin-top:0px;margin-bottom:0px;width:100%;\"><div class=\"fusion-separator-border sep-single sep-solid\" style=\"--awb-height:20px;--awb-amount:20px;border-color:#e0dede;border-top-width:0px;\"><\/div><span class=\"icon-wrapper\" style=\"border-color:#e0dede;background-color:rgba(255,255,255,0);font-size:16px;width: 1.75em; height: 1.75em;border-width:0px;padding:0px;margin-top:-0px\"><i class=\" fa fa-suitcase\" style=\"font-size: inherit;color:#e0dede;\" aria-hidden=\"true\"><\/i><\/span><div class=\"fusion-separator-border sep-single sep-solid\" style=\"--awb-height:20px;--awb-amount:20px;border-color:#e0dede;border-top-width:0px;\"><\/div><\/div><div class=\"fusion-sep-clear\"><\/div><div class=\"fusion-text fusion-text-6\"><p><a href=\"https:\/\/www.ismrm.org\/smrt\/19m\/program-exhibition\/exhibitor-guide\/\">Exhibitor List<\/a><\/p>\n<p><a href=\"https:\/\/www.ismrm.org\/smrt\/19\/SMRT19_Exhibition_Map_01.pdf\">Exhibition Room Map<\/a>\u00a0(pdf)<\/p>\n<p><a href=\"https:\/\/www.ismrm.org\/smrt\/19\/2019_SMRT_Sponsorship_Opportunities.pdf\">Sponsorship Opportunities<\/a>\n<em>\u00a0 \u00a0\u2022<\/em> Contains the Sponsorship Contract<\/p>\n<p><a href=\"https:\/\/www.ismrm.org\/smrt\/19\/2019_SMRT_Prospectus.pdf\">Prospectus for Exhibitors<\/a>\n<em>\u00a0 \u00a0\u2022<\/em> Contains the Exhibition Contract<\/p>\n<\/div><div class=\"fusion-clearfix\"><\/div><\/div><\/div><div class=\"fusion-layout-column fusion_builder_column fusion-builder-column-4 fusion_builder_column_1_3 1_3 fusion-one-third fusion-column-last AM-three-columns_equal_height round-corners\" style=\"--awb-bg-size:cover;--awb-margin-bottom:0px;width:30.6666%;\"><div class=\"fusion-column-wrapper fusion-flex-column-wrapper-legacy\"><div class=\"fusion-text fusion-text-7\"><p><span style=\"font-size: 140%;\"><strong>2019 Supporters<\/strong><\/span><\/p>\n<\/div><div class=\"fusion-sep-clear\"><\/div><div class=\"fusion-separator fusion-has-icon fusion-full-width-sep faderstyle\" style=\"margin-left: auto;margin-right: auto;width:100%;\"><div class=\"fusion-separator-border sep-single sep-solid\" style=\"--awb-height:20px;--awb-amount:20px;border-color:#e0dede;border-top-width:0px;\"><\/div><span class=\"icon-wrapper\" style=\"border-color:#e0dede;background-color:rgba(255,255,255,0);font-size:16px;width: 1.75em; height: 1.75em;border-width:0px;padding:0px;margin-top:-0px\"><i class=\" fa fa-info-circle\" style=\"font-size: inherit;color:#e0dede;\" aria-hidden=\"true\"><\/i><\/span><div class=\"fusion-separator-border sep-single sep-solid\" style=\"--awb-height:20px;--awb-amount:20px;border-color:#e0dede;border-top-width:0px;\"><\/div><\/div><div class=\"fusion-sep-clear\"><\/div><div class=\"fusion-text fusion-text-8\"><p><a href=\"https:\/\/www.ismrm.org\/smrt\/19m\/program-exhibition\/ismrm-corporate-members\/\">ISMRM Corporate Members<\/a><\/p>\n<p><a href=\"https:\/\/www.ismrm.org\/smrt\/19m\/supporters\/\">SMRT Annual Meeting Supporters<\/a><\/p>\n<\/div><div class=\"fusion-clearfix\"><\/div><\/div><\/div><\/div><\/div><div class=\"fusion-fullwidth fullwidth-box fusion-builder-row-4 nonhundred-percent-fullwidth non-hundred-percent-height-scrolling fusion-equal-height-columns AM-fullwidth_equal_height\" style=\"--awb-background-position:left top;--awb-border-radius-top-left:0px;--awb-border-radius-top-right:0px;--awb-border-radius-bottom-right:0px;--awb-border-radius-bottom-left:0px;--awb-padding-top:0px;--awb-padding-right:0px;--awb-padding-left:0px;--awb-border-sizes-top:0px;--awb-border-sizes-bottom:0px;--awb-flex-wrap:wrap;\" ><div class=\"fusion-builder-row fusion-row\"><div class=\"fusion-layout-column fusion_builder_column fusion-builder-column-5 fusion_builder_column_1_3 1_3 fusion-one-third fusion-column-first AM-three-columns_equal_height round-corners\" style=\"--awb-bg-size:cover;--awb-margin-bottom:0px;width:30.6666%; margin-right: 4%;\"><div class=\"fusion-column-wrapper fusion-flex-column-wrapper-legacy\"><div class=\"fusion-text fusion-text-9\"><p><span style=\"font-size: 140%;\"><strong>Abstract Awards<\/strong><\/span><\/p>\n<\/div><div class=\"fusion-sep-clear\"><\/div><div class=\"fusion-separator fusion-has-icon fusion-full-width-sep faderstyle\" style=\"margin-left: auto;margin-right: auto;width:100%;\"><div class=\"fusion-separator-border sep-single sep-solid\" style=\"--awb-height:20px;--awb-amount:20px;border-color:#e0dede;border-top-width:0px;\"><\/div><span class=\"icon-wrapper\" style=\"border-color:#e0dede;background-color:rgba(255,255,255,0);font-size:16px;width: 1.75em; height: 1.75em;border-width:0px;padding:0px;margin-top:-0px\"><i class=\" fa fa-trophy\" style=\"font-size: inherit;color:#e0dede;\" aria-hidden=\"true\"><\/i><\/span><div class=\"fusion-separator-border sep-single sep-solid\" style=\"--awb-height:20px;--awb-amount:20px;border-color:#e0dede;border-top-width:0px;\"><\/div><\/div><div class=\"fusion-sep-clear\"><\/div><div class=\"fusion-text fusion-text-10\"><ul>\n<li><a href=\"https:\/\/www.ismrm.org\/smrt\/19m\/program-exhibition\/presidents-award\/\">2019 President\u2019s Award<\/a><\/li>\n<li><a href=\"https:\/\/www.ismrm.org\/smrt\/19m\/program-exhibition\/jak-award\/\">2019 John A. Koveleski Award for Professional Development<\/a><\/li>\n<li><a href=\"https:\/\/www.ismrm.org\/smrt\/19m\/program-exhibition\/poster-awards\/\">2019 Poster Awards<\/a><\/li>\n<li><a href=\"https:\/\/www.ismrm.org\/smrt\/19m\/program-exhibition\/proffered-paper-awards\/\">2019 Proffered Paper Awards<\/a><\/li>\n<\/ul>\n<\/div><div class=\"fusion-clearfix\"><\/div><\/div><\/div><div class=\"fusion-layout-column fusion_builder_column fusion-builder-column-6 fusion_builder_column_1_3 1_3 fusion-one-third AM-three-columns_equal_height round-corners\" style=\"--awb-bg-size:cover;--awb-margin-bottom:0px;width:30.6666%; margin-right: 4%;\"><div class=\"fusion-column-wrapper fusion-flex-column-wrapper-legacy\"><div class=\"fusion-text fusion-text-11\"><p><span style=\"font-size: 140%;\"><strong>SMRT Awards<\/strong><\/span><\/p>\n<\/div><div class=\"fusion-sep-clear\"><\/div><div class=\"fusion-separator fusion-has-icon fusion-full-width-sep faderstyle\" style=\"margin-left: auto;margin-right: auto;width:100%;\"><div class=\"fusion-separator-border sep-single sep-solid\" style=\"--awb-height:20px;--awb-amount:20px;border-color:#e0dede;border-top-width:0px;\"><\/div><span class=\"icon-wrapper\" style=\"border-color:#e0dede;background-color:rgba(255,255,255,0);font-size:16px;width: 1.75em; height: 1.75em;border-width:0px;padding:0px;margin-top:-0px\"><i class=\" fa fa-trophy\" style=\"font-size: inherit;color:#e0dede;\" aria-hidden=\"true\"><\/i><\/span><div class=\"fusion-separator-border sep-single sep-solid\" style=\"--awb-height:20px;--awb-amount:20px;border-color:#e0dede;border-top-width:0px;\"><\/div><\/div><div class=\"fusion-sep-clear\"><\/div><div class=\"fusion-text fusion-text-12\"><ul>\n<li><a href=\"https:\/\/www.ismrm.org\/smrt\/19m\/program-exhibition\/crues-kressel\/\">Crues-Kressel<\/a><\/li>\n<li><a href=\"https:\/\/www.ismrm.org\/smrt\/19m\/program-exhibition\/honorary-member\/\">Honorary Member<\/a><\/li>\n<li><a href=\"https:\/\/www.ismrm.org\/smrt\/19m\/program-exhibition\/fellow\/\">Fellow of the Society<\/a><\/li>\n<li><a href=\"https:\/\/www.ismrm.org\/smrt\/19m\/program-exhibition\/distinguished-service\/\">Distinguished Service Award<\/a><\/li>\n<\/ul>\n<\/div><div class=\"fusion-clearfix\"><\/div><\/div><\/div><div class=\"fusion-layout-column fusion_builder_column fusion-builder-column-7 fusion_builder_column_1_3 1_3 fusion-one-third fusion-column-last AM-three-columns_equal_height round-corners\" style=\"--awb-bg-size:cover;--awb-margin-bottom:0px;width:30.6666%;\"><div class=\"fusion-column-wrapper fusion-flex-column-wrapper-legacy\"><div class=\"fusion-text fusion-text-13\"><p><span style=\"font-size: 140%;\"><strong>Reviewers &amp; Author Index<\/strong><\/span><\/p>\n<\/div><div class=\"fusion-sep-clear\"><\/div><div class=\"fusion-separator fusion-has-icon fusion-full-width-sep faderstyle\" style=\"margin-left: auto;margin-right: auto;width:100%;\"><div class=\"fusion-separator-border sep-single sep-solid\" style=\"--awb-height:20px;--awb-amount:20px;border-color:#e0dede;border-top-width:0px;\"><\/div><span class=\"icon-wrapper\" style=\"border-color:#e0dede;background-color:rgba(255,255,255,0);font-size:16px;width: 1.75em; height: 1.75em;border-width:0px;padding:0px;margin-top:-0px\"><i class=\" fa fa-info-circle\" style=\"font-size: inherit;color:#e0dede;\" aria-hidden=\"true\"><\/i><\/span><div class=\"fusion-separator-border sep-single sep-solid\" style=\"--awb-height:20px;--awb-amount:20px;border-color:#e0dede;border-top-width:0px;\"><\/div><\/div><div class=\"fusion-sep-clear\"><\/div><div class=\"fusion-text fusion-text-14\"><p><a href=\"https:\/\/www.ismrm.org\/smrt\/19m\/program-exhibition\/abstract-committee\/\">2019 Abstract Committee<\/a><\/p>\n<p><a href=\"https:\/\/www.ismrm.org\/smrt\/19m\/program-exhibition\/author-index\/\">First Author Index: All Abstracts<\/a><\/p>\n<\/div><div class=\"fusion-clearfix\"><\/div><\/div><\/div><\/div><\/div><div class=\"fusion-fullwidth fullwidth-box fusion-builder-row-5 nonhundred-percent-fullwidth non-hundred-percent-height-scrolling fusion-equal-height-columns AM-fullwidth_equal_height\" style=\"--awb-background-position:left top;--awb-border-radius-top-left:0px;--awb-border-radius-top-right:0px;--awb-border-radius-bottom-right:0px;--awb-border-radius-bottom-left:0px;--awb-padding-top:0px;--awb-padding-right:0px;--awb-padding-left:0px;--awb-border-sizes-top:0px;--awb-border-sizes-bottom:0px;--awb-flex-wrap:wrap;\" ><div class=\"fusion-builder-row fusion-row\"><div class=\"fusion-layout-column fusion_builder_column fusion-builder-column-8 fusion_builder_column_1_3 1_3 fusion-one-third fusion-column-first AM-three-columns_equal_height round-corners\" style=\"--awb-bg-size:cover;--awb-margin-bottom:0px;width:30.6666%; margin-right: 4%;\"><div class=\"fusion-column-wrapper fusion-flex-column-wrapper-legacy\"><div class=\"fusion-text fusion-text-15\"><p><span style=\"font-size: 140%; letter-spacing: -1px;\"><strong>Accreditation Information<\/strong><\/span><\/p>\n<\/div><div class=\"fusion-sep-clear\"><\/div><div class=\"fusion-separator fusion-has-icon fusion-full-width-sep faderstyle\" style=\"margin-left: auto;margin-right: auto;width:100%;\"><div class=\"fusion-separator-border sep-single sep-solid\" style=\"--awb-height:20px;--awb-amount:20px;border-color:#e0dede;border-top-width:0px;\"><\/div><span class=\"icon-wrapper\" style=\"border-color:#e0dede;background-color:rgba(255,255,255,0);font-size:16px;width: 1.75em; height: 1.75em;border-width:0px;padding:0px;margin-top:-0px\"><i class=\" fa fa-info-circle\" style=\"font-size: inherit;color:#e0dede;\" aria-hidden=\"true\"><\/i><\/span><div class=\"fusion-separator-border sep-single sep-solid\" style=\"--awb-height:20px;--awb-amount:20px;border-color:#e0dede;border-top-width:0px;\"><\/div><\/div><div class=\"fusion-sep-clear\"><\/div><div class=\"fusion-text fusion-text-16\"><p><a href=\"https:\/\/www.ismrm.org\/smrt\/19m\/program-exhibition\/accreditation\/\">SMRT General Meeting &amp; Accreditation Information<\/a><\/p>\n<p><a href=\"https:\/\/www.ismrm.org\/smrt\/19m\/program-exhibition\/declarations\/\">Declaration of Relevant Financial Relationships<\/a><\/p>\n<\/div><div class=\"fusion-clearfix\"><\/div><\/div><\/div><div class=\"fusion-layout-column fusion_builder_column fusion-builder-column-9 fusion_builder_column_1_3 1_3 fusion-one-third AM-three-columns_equal_height round-corners\" style=\"--awb-bg-size:cover;--awb-margin-bottom:0px;width:30.6666%; margin-right: 4%;\"><div class=\"fusion-column-wrapper fusion-flex-column-wrapper-legacy\"><div class=\"fusion-text fusion-text-17\"><p><span style=\"font-size: 140%;\"><strong>Foresight is 2020<\/strong><\/span><\/p>\n<\/div><div class=\"fusion-sep-clear\"><\/div><div class=\"fusion-separator fusion-has-icon fusion-full-width-sep faderstyle\" style=\"margin-left: auto;margin-right: auto;width:100%;\"><div class=\"fusion-separator-border sep-single sep-solid\" style=\"--awb-height:20px;--awb-amount:20px;border-color:#e0dede;border-top-width:0px;\"><\/div><span class=\"icon-wrapper\" style=\"border-color:#e0dede;background-color:rgba(255,255,255,0);font-size:16px;width: 1.75em; height: 1.75em;border-width:0px;padding:0px;margin-top:-0px\"><i class=\" fa fa-calendar\" style=\"font-size: inherit;color:#e0dede;\" aria-hidden=\"true\"><\/i><\/span><div class=\"fusion-separator-border sep-single sep-solid\" style=\"--awb-height:20px;--awb-amount:20px;border-color:#e0dede;border-top-width:0px;\"><\/div><\/div><div class=\"fusion-sep-clear\"><\/div><div class=\"fusion-text fusion-text-18\"><p>Don&#8217;t forget to save the date for next year&#8217;s meeting!<\/p>\n<p style=\"text-align: center;\"><strong>SMRT 29th Annual Meeting<\/strong>\n<strong>17-20 April 2020\nSydney, NSW, Australia<\/strong><\/p>\n<\/div><div class=\"fusion-clearfix\"><\/div><\/div><\/div><div class=\"fusion-layout-column fusion_builder_column fusion-builder-column-10 fusion_builder_column_1_3 1_3 fusion-one-third fusion-column-last AM-three-columns_equal_height round-corners\" style=\"--awb-bg-size:cover;--awb-margin-bottom:0px;width:30.6666%;\"><div class=\"fusion-column-wrapper fusion-flex-column-wrapper-legacy\"><div class=\"fusion-text fusion-text-19\"><p><em><span style=\"font-size: 140%; letter-spacing: -1px;\"><strong>More Details Coming Soon!<\/strong><\/span><\/em><\/p>\n<\/div><div class=\"fusion-sep-clear\"><\/div><div class=\"fusion-separator fusion-has-icon fusion-full-width-sep faderstyle\" style=\"margin-left: auto;margin-right: auto;width:100%;\"><div class=\"fusion-separator-border sep-single sep-solid\" style=\"--awb-height:20px;--awb-amount:20px;border-color:#e0dede;border-top-width:0px;\"><\/div><span class=\"icon-wrapper\" style=\"border-color:#e0dede;background-color:rgba(255,255,255,0);font-size:16px;width: 1.75em; height: 1.75em;border-width:0px;padding:0px;margin-top:-0px\"><i class=\" fa fa-info-circle\" style=\"font-size: inherit;color:#e0dede;\" aria-hidden=\"true\"><\/i><\/span><div class=\"fusion-separator-border sep-single sep-solid\" style=\"--awb-height:20px;--awb-amount:20px;border-color:#e0dede;border-top-width:0px;\"><\/div><\/div><div class=\"fusion-sep-clear\"><\/div><div class=\"fusion-text fusion-text-20\"><p>Check back frequently for updates and announcements.<\/p>\n<\/div><div class=\"fusion-clearfix\"><\/div><\/div><\/div><\/div><\/div>","protected":false},"excerpt":{"rendered":"","protected":false},"author":4,"featured_media":0,"parent":5956,"menu_order":0,"comment_status":"closed","ping_status":"closed","template":"","meta":{"footnotes":""},"class_list":["post-5903","page","type-page","status-publish","hentry"],"_links":{"self":[{"href":"https:\/\/www.ismrm.org\/smrt\/wp-json\/wp\/v2\/pages\/5903","targetHints":{"allow":["GET"]}}],"collection":[{"href":"https:\/\/www.ismrm.org\/smrt\/wp-json\/wp\/v2\/pages"}],"about":[{"href":"https:\/\/www.ismrm.org\/smrt\/wp-json\/wp\/v2\/types\/page"}],"author":[{"embeddable":true,"href":"https:\/\/www.ismrm.org\/smrt\/wp-json\/wp\/v2\/users\/4"}],"replies":[{"embeddable":true,"href":"https:\/\/www.ismrm.org\/smrt\/wp-json\/wp\/v2\/comments?post=5903"}],"version-history":[{"count":49,"href":"https:\/\/www.ismrm.org\/smrt\/wp-json\/wp\/v2\/pages\/5903\/revisions"}],"predecessor-version":[{"id":9586,"href":"https:\/\/www.ismrm.org\/smrt\/wp-json\/wp\/v2\/pages\/5903\/revisions\/9586"}],"up":[{"embeddable":true,"href":"https:\/\/www.ismrm.org\/smrt\/wp-json\/wp\/v2\/pages\/5956"}],"wp:attachment":[{"href":"https:\/\/www.ismrm.org\/smrt\/wp-json\/wp\/v2\/media?parent=5903"}],"curies":[{"name":"wp","href":"https:\/\/api.w.org\/{rel}","templated":true}]}}