{"id":5913,"date":"2018-09-14T11:12:03","date_gmt":"2018-09-14T18:12:03","guid":{"rendered":"https:\/\/www.ismrm.org\/smrt\/?page_id=5913"},"modified":"2021-08-06T16:45:00","modified_gmt":"2021-08-06T23:45:00","slug":"supporters","status":"publish","type":"page","link":"https:\/\/www.ismrm.org\/smrt\/19m\/supporters\/","title":{"rendered":"2019 Annual Meeting Supporters"},"content":{"rendered":"<div class=\"fusion-fullwidth fullwidth-box fusion-builder-row-1 hundred-percent-fullwidth non-hundred-percent-height-scrolling\" style=\"--awb-border-radius-top-left:0px;--awb-border-radius-top-right:0px;--awb-border-radius-bottom-right:0px;--awb-border-radius-bottom-left:0px;--awb-overflow:visible;--awb-flex-wrap:wrap;\" ><div class=\"fusion-builder-row fusion-row\"><div class=\"fusion-layout-column fusion_builder_column fusion-builder-column-0 fusion_builder_column_1_1 1_1 fusion-one-full fusion-column-first fusion-column-last fusion-column-no-min-height\" style=\"--awb-bg-size:cover;--awb-margin-bottom:0px;\"><div class=\"fusion-column-wrapper fusion-flex-column-wrapper-legacy\"><link rel=\"stylesheet\" type=\"text\/css\" href=\"https:\/\/www.ismrm.org\/smrt\/19\/19m_style_tabs.css\"><div class=\"fusion-clearfix\"><\/div><\/div><\/div><\/div><\/div><div class=\"fusion-fullwidth fullwidth-box fusion-builder-row-2 nonhundred-percent-fullwidth non-hundred-percent-height-scrolling fusion-equal-height-columns\" style=\"--awb-background-position:left top;--awb-border-radius-top-left:0px;--awb-border-radius-top-right:0px;--awb-border-radius-bottom-right:0px;--awb-border-radius-bottom-left:0px;--awb-padding-top:0px;--awb-padding-right:0px;--awb-padding-bottom:10px;--awb-padding-left:0px;--awb-border-sizes-top:0px;--awb-border-sizes-bottom:0px;--awb-flex-wrap:wrap;\" ><div class=\"fusion-builder-row fusion-row\"><div class=\"fusion-layout-column fusion_builder_column fusion-builder-column-1 fusion_builder_column_1_1 1_1 fusion-one-full fusion-column-first fusion-column-last fusion-column-no-min-height\" style=\"--awb-bg-size:cover;--awb-margin-bottom:0px;\"><div class=\"fusion-column-wrapper fusion-flex-column-wrapper-legacy\"><div class=\"fusion-text fusion-text-1\"><p style=\"text-align: center; font-size: 10pt; margin: 0px;\"><em>SMRT 28th Annual Meeting, Palais des congr\u00e8s de Montr\u00e9al, 10-13 May 2019, Montr\u00e9al, QC, Canada<\/em><\/p>\n<\/div><div class=\"fusion-image-element fusion-image-align-center in-legacy-container\" style=\"text-align:center;--awb-caption-title-font-family:var(--h2_typography-font-family);--awb-caption-title-font-weight:var(--h2_typography-font-weight);--awb-caption-title-font-style:var(--h2_typography-font-style);--awb-caption-title-size:var(--h2_typography-font-size);--awb-caption-title-transform:var(--h2_typography-text-transform);--awb-caption-title-line-height:var(--h2_typography-line-height);--awb-caption-title-letter-spacing:var(--h2_typography-letter-spacing);\"><div class=\"imageframe-align-center\"><span class=\" fusion-imageframe imageframe-none imageframe-1 hover-type-none\"><a class=\"fusion-no-lightbox\" href=\"https:\/\/www.ismrm.org\/smrt\/19m\/\" target=\"_self\" aria-label=\"SMRT-AM-thanks-slider\"><img decoding=\"async\" width=\"1170\" height=\"292\" src=\"https:\/\/www.ismrm.org\/smrt\/wp-content\/uploads\/SMRT-AM-thanks-slider.jpg\" alt class=\"img-responsive wp-image-6773\" srcset=\"https:\/\/www.ismrm.org\/smrt\/wp-content\/uploads\/SMRT-AM-thanks-slider-200x50.jpg 200w, https:\/\/www.ismrm.org\/smrt\/wp-content\/uploads\/SMRT-AM-thanks-slider-400x100.jpg 400w, https:\/\/www.ismrm.org\/smrt\/wp-content\/uploads\/SMRT-AM-thanks-slider-600x150.jpg 600w, https:\/\/www.ismrm.org\/smrt\/wp-content\/uploads\/SMRT-AM-thanks-slider-800x200.jpg 800w, https:\/\/www.ismrm.org\/smrt\/wp-content\/uploads\/SMRT-AM-thanks-slider.jpg 1170w\" sizes=\"(max-width: 800px) 100vw, 1170px\" \/><\/a><\/span><\/div><\/div><div class=\"fusion-sep-clear\"><\/div><div class=\"fusion-separator fusion-full-width-sep\" style=\"margin-left: auto;margin-right: auto;margin-top:1px;margin-bottom:10px;width:100%;\"><\/div><div class=\"fusion-sep-clear\"><\/div><div class=\"fusion-text fusion-text-2\"><table style=\"border-collapse: separate; border-spacing: 5px;\" width=\"100%\">\n<tbody>\n<tr>\n<td class=\"taboff\" width=\"16%\"><a href=\"https:\/\/www.ismrm.org\/smrt\/19m\/\">General Info<\/a><\/td>\n<td class=\"taboff\" width=\"16%\"><a href=\"https:\/\/www.ismrm.org\/smrt\/19m\/registration-housing\/\">Registration\n&amp; Housing<\/a><\/td>\n<td class=\"taboff\" width=\"16%\"><a href=\"https:\/\/www.ismrm.org\/smrt\/19m\/program-exhibition\/\">Program\n&amp; Exhibition<\/a><\/td>\n<td class=\"taboff\" width=\"16%\"><a href=\"https:\/\/www.ismrm.org\/smrt\/19m\/call\/\">Call for Abstracts<\/a><\/td>\n<td class=\"taboff\" width=\"16%\"><a href=\"https:\/\/www.ismrm.org\/smrt\/19m\/travel\/\">Travel\n&amp; Sightseeing<\/a><\/td>\n<td class=\"tabon\" width=\"16%\"><a href=\"https:\/\/www.ismrm.org\/smrt\/19m\/supporters\/\">Supporters<\/a><\/td>\n<\/tr>\n<\/tbody>\n<\/table>\n<\/div><div class=\"fusion-clearfix\"><\/div><\/div><\/div><\/div><\/div><div class=\"fusion-fullwidth fullwidth-box fusion-builder-row-3 nonhundred-percent-fullwidth non-hundred-percent-height-scrolling fusion-equal-height-columns\" style=\"--awb-background-position:left top;--awb-border-radius-top-left:0px;--awb-border-radius-top-right:0px;--awb-border-radius-bottom-right:0px;--awb-border-radius-bottom-left:0px;--awb-padding-top:0px;--awb-padding-right:0px;--awb-padding-bottom:20px;--awb-padding-left:0px;--awb-border-sizes-top:0px;--awb-border-sizes-bottom:0px;--awb-flex-wrap:wrap;\" ><div class=\"fusion-builder-row fusion-row\"><div class=\"fusion-layout-column fusion_builder_column fusion-builder-column-2 fusion_builder_column_1_1 1_1 fusion-one-full fusion-column-first fusion-column-last fusion-column-no-min-height\" style=\"--awb-bg-size:cover;--awb-margin-bottom:0px;\"><div class=\"fusion-column-wrapper fusion-flex-column-wrapper-legacy\"><div class=\"fusion-text fusion-text-3\"><h1 style=\"text-align: center;\"><strong>Supporters of the 28th SMRT Annual Meeting<\/strong><\/h1>\n<\/div><div class=\"fusion-clearfix\"><\/div><\/div><\/div><\/div><\/div><div class=\"fusion-fullwidth fullwidth-box fusion-builder-row-4 nonhundred-percent-fullwidth non-hundred-percent-height-scrolling fusion-equal-height-columns\" style=\"--awb-background-position:left top;--awb-border-radius-top-left:0px;--awb-border-radius-top-right:0px;--awb-border-radius-bottom-right:0px;--awb-border-radius-bottom-left:0px;--awb-padding-top:0px;--awb-padding-right:0px;--awb-padding-bottom:77px;--awb-padding-left:0px;--awb-border-sizes-top:0px;--awb-border-sizes-bottom:0px;--awb-flex-wrap:wrap;\" ><div class=\"fusion-builder-row fusion-row\"><div class=\"fusion-layout-column fusion_builder_column fusion-builder-column-3 fusion_builder_column_3_5 3_5 fusion-three-fifth fusion-column-first\" style=\"--awb-padding-top:7px;--awb-padding-right:7px;--awb-padding-bottom:7px;--awb-padding-left:7px;--awb-bg-size:cover;width:58.4%; margin-right: 4%;\"><div class=\"fusion-column-wrapper fusion-flex-column-wrapper-legacy\"><div class=\"fusion-sep-clear\"><\/div><div class=\"fusion-separator fusion-has-icon fusion-full-width-sep faderstyle\" style=\"margin-left: auto;margin-right: auto;margin-top:1px;margin-bottom:25px;width:100%;\"><div class=\"fusion-separator-border sep-single sep-solid\" style=\"--awb-height:20px;--awb-amount:20px;--awb-sep-color:#19305c;border-color:#19305c;border-top-width:2px;\"><\/div><span class=\"icon-wrapper\" style=\"border-color:transparent;font-size:16px;width: 1.75em; height: 1.75em;border-width:2px;padding:2px;margin-top:-1px\"><i class=\" fa fa-star\" style=\"font-size: inherit;color:#19305c;\" aria-hidden=\"true\"><\/i><\/span><div class=\"fusion-separator-border sep-single sep-solid\" style=\"--awb-height:20px;--awb-amount:20px;--awb-sep-color:#19305c;border-color:#19305c;border-top-width:2px;\"><\/div><\/div><div class=\"fusion-sep-clear\"><\/div><div class=\"fusion-text fusion-text-4\"><p style=\"font-size: 22pt; text-align: center;\"><span style=\"color: #00aaff;\"><em><strong>Diamond Supporters<\/strong><\/em><\/span><\/p>\n<\/div><div class=\"fusion-text fusion-text-5\"><p align=\"center\"><a href=\"http:\/\/www.gemedical.com\/\"><strong>GE Healthcare<\/strong><\/a><\/p>\n<\/div><div class=\"fusion-text fusion-text-6\"><p style=\"text-align: center;\"><strong><a href=\"http:\/\/www.medical.philips.com\/\" target=\"_blank\" rel=\"noopener noreferrer\">Philips Healthcare<\/a><\/strong><\/p>\n<\/div><div class=\"fusion-sep-clear\"><\/div><div class=\"fusion-separator fusion-full-width-sep\" style=\"margin-left: auto;margin-right: auto;margin-top:25px;margin-bottom:25px;width:100%;\"><\/div><div class=\"fusion-sep-clear\"><\/div><div class=\"fusion-sep-clear\"><\/div><div class=\"fusion-separator fusion-has-icon fusion-full-width-sep faderstyle\" style=\"margin-left: auto;margin-right: auto;margin-top:1px;margin-bottom:25px;width:100%;\"><div class=\"fusion-separator-border sep-single sep-solid\" style=\"--awb-height:20px;--awb-amount:20px;--awb-sep-color:#19305c;border-color:#19305c;border-top-width:2px;\"><\/div><span class=\"icon-wrapper\" style=\"border-color:transparent;font-size:16px;width: 1.75em; height: 1.75em;border-width:2px;padding:2px;margin-top:-1px\"><i class=\" fa fa-star\" style=\"font-size: inherit;color:#19305c;\" aria-hidden=\"true\"><\/i><\/span><div class=\"fusion-separator-border sep-single sep-solid\" style=\"--awb-height:20px;--awb-amount:20px;--awb-sep-color:#19305c;border-color:#19305c;border-top-width:2px;\"><\/div><\/div><div class=\"fusion-sep-clear\"><\/div><div class=\"fusion-text fusion-text-7\"><p style=\"font-size: 19pt; text-align: center;\"><span style=\"color: #cc2f2f;\"><em><strong>Ruby Supporters<\/strong><\/em><\/span><\/p>\n<\/div><div class=\"fusion-text fusion-text-8\"><p align=\"center\"><a href=\"http:\/\/www.hitachihealthcare.com\/\"><strong>Hitachi Healthcare Americas<\/strong><\/a><\/p>\n<\/div><div class=\"fusion-text fusion-text-9\"><p style=\"text-align: center;\"><strong><a href=\"http:\/\/www.siemens.com\/mr\" target=\"_blank\" rel=\"noopener noreferrer\">Siemens\u00a0Healthineers<\/a><\/strong><\/p>\n<\/div><div class=\"fusion-clearfix\"><\/div><\/div><\/div><div class=\"fusion-layout-column fusion_builder_column fusion-builder-column-4 fusion_builder_column_2_5 2_5 fusion-two-fifth fusion-column-last\" style=\"--awb-bg-size:cover;width:37.6%;\"><div class=\"fusion-column-wrapper fusion-flex-column-wrapper-legacy\"><div class=\"fusion-text fusion-text-10\"><p style=\"font-size: 90%; line-height: 1.35;\">The International Society for Magnetic Resonance in Medicine and the Society for MR Radiographers &amp; Technologists gratefully acknowledge the following corporate members who have elected to commit generous support to the scientific and educational activities of the Society.<\/p>\n<p style=\"text-align: center; color: #d4af37; font-size: 142%;\"><strong>GOLD CORPORATE MEMBERS<\/strong><\/p>\n<p style=\"text-align: center;\"><a href=\"http:\/\/www.gemedical.com\/\" target=\"_blank\" rel=\"noopener noreferrer\">GE Healthcare<\/a>\n<a href=\"http:\/\/www.medical.philips.com\/\" target=\"_blank\" rel=\"noopener noreferrer\">Philips Healthcare<\/a>\n<a href=\"http:\/\/www.siemens.com\/mr\" target=\"_blank\" rel=\"noopener noreferrer\">Siemens\u00a0Healthineers<\/a><\/p>\n<p style=\"text-align: center; color: #a8a8a8; font-size: 130%;\"><strong>SILVER CORPORATE MEMBER<\/strong><\/p>\n<p style=\"text-align: center;\"><a href=\"https:\/\/global.medical.canon\/\" target=\"_blank\" rel=\"noopener noreferrer\">Canon Medical Systems Corporation<\/a><\/p>\n<p style=\"text-align: center; color: #b9722d; font-size: 120%;\"><strong>BRONZE CORPORATE MEMBERS<\/strong><\/p>\n<p style=\"text-align: center;\"><a href=\"https:\/\/www.bruker.com\/\" target=\"_blank\" rel=\"noopener noreferrer\">Bruker<\/a>\n<a href=\"http:\/\/www.hitachimed.com\/\" target=\"_blank\" rel=\"noopener noreferrer\">Hitachi Medical Systems<\/a>\n<a href=\"https:\/\/www.olea-medical.com\/en\/\" target=\"_blank\" rel=\"noopener noreferrer\">Olea Medical<\/a>\n<a href=\"http:\/\/www.united-imaging.com\">United Imaging Healthcare<\/a><\/p>\n<p style=\"text-align: center;\"><span style=\"font-size: 110%; color: #666666;\"><strong>ASSOCIATE CORPORATE MEMBERS<\/strong><\/span><\/p>\n<p style=\"text-align: center;\"><a href=\"http:\/\/www.novamedical.com\/\" target=\"_blank\" rel=\"noopener noreferrer\">Nova Medical, Inc.<\/a>\n<a href=\"http:\/\/www.rricorp.com\/\" target=\"_blank\" rel=\"noopener noreferrer\">Resonance Research, Inc.<\/a>\n<a href=\"http:\/\/www.zurichmedtech.com\/\" target=\"_blank\" rel=\"noopener noreferrer\">ZMT Zurich MedTech AG<\/a><\/p>\n<\/div><div class=\"fusion-clearfix\"><\/div><\/div><\/div><\/div><\/div><div class=\"fusion-fullwidth fullwidth-box fusion-builder-row-5 hundred-percent-fullwidth non-hundred-percent-height-scrolling\" style=\"--awb-border-radius-top-left:0px;--awb-border-radius-top-right:0px;--awb-border-radius-bottom-right:0px;--awb-border-radius-bottom-left:0px;--awb-overflow:visible;--awb-flex-wrap:wrap;\" ><div class=\"fusion-builder-row fusion-row\"><div class=\"fusion-layout-column fusion_builder_column fusion-builder-column-5 fusion_builder_column_1_1 1_1 fusion-one-full fusion-column-first fusion-column-last fusion-column-no-min-height\" style=\"--awb-bg-size:cover;--awb-margin-bottom:0px;\"><div class=\"fusion-column-wrapper fusion-flex-column-wrapper-legacy\"><!--\r\n[fullwidth background_color=\"\" background_image=\"\" background_parallax=\"none\" enable_mobile=\"no\" parallax_speed=\"0.3\" background_repeat=\"no-repeat\" background_position=\"left top\" video_url=\"\" video_aspect_ratio=\"16:9\" video_webm=\"\" video_mp4=\"\" video_ogv=\"\" video_preview_image=\"\" overlay_color=\"\" overlay_opacity=\"0.5\" video_mute=\"yes\" video_loop=\"yes\" fade=\"no\" border_size=\"0px\" border_color=\"\" border_style=\"solid\" padding_top=\"10px\" padding_bottom=\"50px\" padding_left=\"0\" padding_right=\"0\" hundred_percent=\"no\" equal_height_columns=\"yes\" hide_on_mobile=\"no\" menu_anchor=\"\" class=\"\" id=\"\"][one_sixth last=\"no\" spacing=\"yes\" center_content=\"no\" hide_on_mobile=\"no\" background_color=\"\" background_image=\"\" background_repeat=\"no-repeat\" background_position=\"left top\" border_size=\"0px\" border_color=\"\" border_style=\"solid\" padding=\"\" margin_top=\"\" margin_bottom=\"\" animation_type=\"0\" animation_direction=\"down\" animation_speed=\"0.1\" class=\"\" id=\"\"][\/one_sixth][two_third last=\"no\" spacing=\"yes\" center_content=\"no\" hide_on_mobile=\"no\" background_color=\"\" background_image=\"\" background_repeat=\"no-repeat\" background_position=\"left top\" border_size=\"4px\" border_color=\"#19305c\" border_style=\"solid\" padding=\"25px\" margin_top=\"\" margin_bottom=\"\" animation_type=\"0\" animation_direction=\"down\" animation_speed=\"0.1\" class=\"\" id=\"\"][separator style_type=\"single\" top_margin=\"1\" bottom_margin=\"25\" sep_color=\"#19305c\" border_size=\"2px\" icon=\"fa-star\" icon_circle=\"yes\" icon_circle_color=\"#b7eaff\" width=\"\" alignment=\"center\" class=\"\" id=\"\"][fusion_text]\r\n<h2 align=\"center\"><em><strong>Diamond Supporters<\/strong><\/em><\/h2>\r\n[\/fusion_text][fusion_text]\r\n<p align=\"center\"><em>Coming Soon<\/em><\/p>\r\n[\/fusion_text][\/two_third][one_sixth last=\"yes\" spacing=\"yes\" center_content=\"no\" hide_on_mobile=\"no\" background_color=\"\" background_image=\"\" background_repeat=\"no-repeat\" background_position=\"left top\" border_size=\"0px\" border_color=\"\" border_style=\"solid\" padding=\"\" margin_top=\"\" margin_bottom=\"\" animation_type=\"0\" animation_direction=\"down\" animation_speed=\"0.1\" class=\"\" id=\"\"][\/one_sixth][\/fullwidth][fullwidth background_color=\"\" background_image=\"\" background_parallax=\"none\" enable_mobile=\"no\" parallax_speed=\"0.3\" background_repeat=\"no-repeat\" background_position=\"left top\" video_url=\"\" video_aspect_ratio=\"16:9\" video_webm=\"\" video_mp4=\"\" video_ogv=\"\" video_preview_image=\"\" overlay_color=\"\" overlay_opacity=\"0.5\" video_mute=\"yes\" video_loop=\"yes\" fade=\"no\" border_size=\"0px\" border_color=\"\" border_style=\"solid\" padding_top=\"10px\" padding_bottom=\"50px\" padding_left=\"0\" padding_right=\"0\" hundred_percent=\"no\" equal_height_columns=\"yes\" hide_on_mobile=\"no\" menu_anchor=\"\" class=\"\" id=\"\"][one_sixth last=\"no\" spacing=\"yes\" center_content=\"no\" hide_on_mobile=\"no\" background_color=\"\" background_image=\"\" background_repeat=\"no-repeat\" background_position=\"left top\" border_size=\"0px\" border_color=\"\" border_style=\"solid\" padding=\"\" margin_top=\"\" margin_bottom=\"\" animation_type=\"0\" animation_direction=\"down\" animation_speed=\"0.1\" class=\"\" id=\"\"][\/one_sixth][two_third last=\"no\" spacing=\"yes\" center_content=\"no\" hide_on_mobile=\"no\" background_color=\"\" background_image=\"\" background_repeat=\"no-repeat\" background_position=\"left top\" border_size=\"2px\" border_color=\"#19305c\" border_style=\"solid\" padding=\"25px\" margin_top=\"\" margin_bottom=\"\" animation_type=\"0\" animation_direction=\"down\" animation_speed=\"0.1\" class=\"\" id=\"\"][separator style_type=\"single\" top_margin=\"1\" bottom_margin=\"25\" sep_color=\"#19305c\" border_size=\"2px\" icon=\"fa-star\" icon_circle=\"\" icon_circle_color=\"#d38989\" width=\"\" alignment=\"center\" class=\"\" id=\"\"][fusion_text]\r\n<h2 align=\"center\"><em><strong>Ruby Supporters<\/strong><\/em><\/h2>\r\n[\/fusion_text][\/two_third][one_sixth last=\"yes\" spacing=\"yes\" center_content=\"no\" hide_on_mobile=\"no\" background_color=\"\" background_image=\"\" background_repeat=\"no-repeat\" background_position=\"left top\" border_size=\"0px\" border_color=\"\" border_style=\"solid\" padding=\"\" margin_top=\"\" margin_bottom=\"\" animation_type=\"0\" animation_direction=\"down\" animation_speed=\"0.1\" class=\"\" id=\"\"][\/one_sixth][\/fullwidth][fullwidth background_color=\"\" background_image=\"\" background_parallax=\"none\" enable_mobile=\"no\" parallax_speed=\"0.3\" background_repeat=\"no-repeat\" background_position=\"left top\" video_url=\"\" video_aspect_ratio=\"16:9\" video_webm=\"\" video_mp4=\"\" video_ogv=\"\" video_preview_image=\"\" overlay_color=\"\" overlay_opacity=\"0.5\" video_mute=\"yes\" video_loop=\"yes\" fade=\"no\" border_size=\"0px\" border_color=\"\" border_style=\"solid\" padding_top=\"10px\" padding_bottom=\"50px\" padding_left=\"0\" padding_right=\"0\" hundred_percent=\"no\" equal_height_columns=\"yes\" hide_on_mobile=\"no\" menu_anchor=\"\" class=\"\" id=\"\"][one_sixth last=\"no\" spacing=\"yes\" center_content=\"no\" hide_on_mobile=\"no\" background_color=\"\" background_image=\"\" background_repeat=\"no-repeat\" background_position=\"left top\" border_size=\"0px\" border_color=\"\" border_style=\"solid\" padding=\"\" margin_top=\"\" margin_bottom=\"\" animation_type=\"0\" animation_direction=\"down\" animation_speed=\"0.1\" class=\"\" id=\"\"][\/one_sixth][two_third last=\"no\" spacing=\"yes\" center_content=\"no\" hide_on_mobile=\"no\" background_color=\"\" background_image=\"\" background_repeat=\"no-repeat\" background_position=\"left top\" border_size=\"1px\" border_color=\"#19305c\" border_style=\"solid\" padding=\"25px\" margin_top=\"\" margin_bottom=\"\" animation_type=\"0\" animation_direction=\"down\" animation_speed=\"0.1\" class=\"\" id=\"\"][separator style_type=\"single\" top_margin=\"1\" bottom_margin=\"25\" sep_color=\"#19305c\" border_size=\"2px\" icon=\"fa-star-o\" icon_circle=\"\" icon_circle_color=\"\" width=\"\" alignment=\"center\" class=\"\" id=\"\"][fusion_text]\r\n<h2 align=\"center\"><em><strong>Additional Supporter<\/strong><\/em><\/h2>\r\n[\/fusion_text][\/two_third][one_sixth last=\"yes\" spacing=\"yes\" center_content=\"no\" hide_on_mobile=\"no\" background_color=\"\" background_image=\"\" background_repeat=\"no-repeat\" background_position=\"left top\" border_size=\"0px\" border_color=\"\" border_style=\"solid\" padding=\"\" margin_top=\"\" margin_bottom=\"\" animation_type=\"0\" animation_direction=\"down\" animation_speed=\"0.1\" class=\"\" id=\"\"][\/one_sixth][\/fullwidth]\r\n--><div class=\"fusion-clearfix\"><\/div><\/div><\/div><\/div><\/div>","protected":false},"excerpt":{"rendered":"","protected":false},"author":4,"featured_media":0,"parent":5956,"menu_order":0,"comment_status":"closed","ping_status":"closed","template":"","meta":{"footnotes":""},"class_list":["post-5913","page","type-page","status-publish","hentry"],"_links":{"self":[{"href":"https:\/\/www.ismrm.org\/smrt\/wp-json\/wp\/v2\/pages\/5913","targetHints":{"allow":["GET"]}}],"collection":[{"href":"https:\/\/www.ismrm.org\/smrt\/wp-json\/wp\/v2\/pages"}],"about":[{"href":"https:\/\/www.ismrm.org\/smrt\/wp-json\/wp\/v2\/types\/page"}],"author":[{"embeddable":true,"href":"https:\/\/www.ismrm.org\/smrt\/wp-json\/wp\/v2\/users\/4"}],"replies":[{"embeddable":true,"href":"https:\/\/www.ismrm.org\/smrt\/wp-json\/wp\/v2\/comments?post=5913"}],"version-history":[{"count":23,"href":"https:\/\/www.ismrm.org\/smrt\/wp-json\/wp\/v2\/pages\/5913\/revisions"}],"predecessor-version":[{"id":9583,"href":"https:\/\/www.ismrm.org\/smrt\/wp-json\/wp\/v2\/pages\/5913\/revisions\/9583"}],"up":[{"embeddable":true,"href":"https:\/\/www.ismrm.org\/smrt\/wp-json\/wp\/v2\/pages\/5956"}],"wp:attachment":[{"href":"https:\/\/www.ismrm.org\/smrt\/wp-json\/wp\/v2\/media?parent=5913"}],"curies":[{"name":"wp","href":"https:\/\/api.w.org\/{rel}","templated":true}]}}